he remainder when i(-15) is divided by j(19)?
14
What is the remainder when -3 + -2 + -6 + 20 + 234 is divided by 149/3 + (-2)/3?
47
Suppose 2*a + 4*o = 7496, -5*a + 4778 = 3*o - 13955. Calculate the remainder when a is divided by 150.
146
Suppose -521 = -14*y - 312 + 617. Calculate the remainder when 372 is divided by y.
18
Suppose 4*r - 98 = 2*y, -r = y + r + 69. Let n = y - -63. Let f = -179 - -194. Calculate the remainder when f is divided by n.
3
Suppose 25 = g + 4*z, -8*g + 3*z + 83 = -6*g. Let k(u) = -5*u**3 + 3*u**2 + 5*u. Calculate the remainder when k(-2) is divided by g.
5
Calculate the remainder when 2662 is divided by -11 - (14 - 34) - -22.
27
Suppose 38*b = -4*q + 42*b + 376, 0 = -4*q + b + 382. What is the remainder when 1226 is divided by q?
74
Suppose -5*v + 346 = -3*v - 4*t, -2*v = -5*t - 349. What is the remainder when v is divided by (-33)/(17 + -6) - -31?
27
Suppose -44*q + 40*q = 2*f - 138, -4*q + 312 = 4*f. Suppose 3*j - j + 4*y = 20, 0 = -j + 2*y + 14. Calculate the remainder when f is divided by j.
3
Suppose 5*u = 3*w + 736, 5*u - 2*w - 722 = -6*w. Let d = 173 - u. Calculate the remainder when 133 is divided by d.
25
Suppose -16557 = -3*g + 2*t, -7*g - t = -6*t - 38634. Calculate the remainder when g is divided by 12.
9
Suppose h - 2*u - 45 = 0, 5*u + 159 = 38*h - 34*h. Calculate the remainder when h is divided by 1/4 + 86/8.
9
Suppose 0 = -5*f + 276 + 1064. Suppose 0 = 4*v - p - 288, 0 = 2*v + 2*v + 4*p - f. Let l = v - 21. What is the remainder when 149 is divided by l?
49
Let k = 1297 - 1240. Calculate the remainder when k is divided by (29*(3 + -2))/1.
28
Let t(u) = u**3 + 14*u**2 + 56*u + 436. Calculate the remainder when 137 is divided by t(-12).
33
Calculate the remainder when (0 - 2 - (4 - 2)) + 496 is divided by 38.
36
Suppose -2*x + 40 = 2*x. Suppose -3*a - 3*j + 3 = 0, -5*a + 0*a - 3*j = -11. Suppose 5*n - a - 11 = 0. Calculate the remainder when x is divided by n.
1
Let q = -13876 + 13893. Suppose 0*t = -5*t + 60. What is the remainder when q is divided by t?
5
Suppose h - 2*h + 3*i + 14 = 0, 3*h - 14 = 2*i. Suppose -n + 10 = -h*s, s = -n - 3*n - 5. What is the remainder when (4 - 0) + s + 18 is divided by 9?
8
Let y be (-7)/(84/(-8))*6. Suppose 0*b = -y*b - c + 95, -2*b + c = -49. Calculate the remainder when 35 is divided by b.
11
Suppose 113 - 81 = 2*q. Suppose 0 = -4*a + q, -4*t - 2*a = -348 - 116. What is the remainder when t is divided by 17?
12
Suppose -3*z = -x - 7*z - 82, 2*z + 272 = -4*x. What is the remainder when 1*30*(x/(-12) + 1) is divided by 52?
39
Let m(h) = -10*h**3 - 35*h**2 - 93*h + 8. Calculate the remainder when 256 is divided by m(-3).
14
Let l(d) = d**2 - 3*d - 14. Let c be l(-3). What is the remainder when ((-403)/(-2) - 7)*c/2 is divided by 78?
77
Let k be (-1 + -9)*(6 - (14 - 7)). Let t = 85 - 44. What is the remainder when t is divided by 3*(42/k - 20/(-25))?
11
Let s(o) = -6 - 2*o - 8*o**2 + 9*o**2 + 0. Suppose 7*n - 65 = 47. What is the remainder when s(-6) is divided by n?
10
Let p(n) = 8*n**3 + n. Let i(z) = -2*z**3 - 48*z**2 - 155*z - 3660. What is the remainder when p(2) is divided by i(-24)?
6
Suppose 0 = -k + 125 - 7. Let b = k + -117. What is the remainder when b is divided by 1?
0
Suppose -538 - 92 = -3*c. Suppose 0 = 2*k - 3*m - 92, 25*m = 2*k + 27*m - 82. What is the remainder when c is divided by k?
38
Let b be -10*(10/(-4) - -2). Suppose 7*f - 62 = -i, -2*f - 78 = -i + 29. Calculate the remainder when i is divided by (40/2)/(b + -4).
17
Suppose -20*p + 18*p + 44 = 0. Suppose -23*j = -p*j + 10. What is the remainder when (2 + 111 + 1)/((-15)/j) is divided by 6?
4
What is the remainder when 11399 is divided by ((-630)/21)/(3*7/(-21))?
29
Let v = -2308 + 3222. What is the remainder when v is divided by 15?
14
Suppose 7600 = 37*h - 8199. Let n = h - 421. What is the remainder when 9 is divided by n?
3
Let w(r) = -r**3 - 9*r**2 - 8*r + 9. Let a be w(-8). Let s be (-12)/8*28/(-3). Suppose -a*m + s + 193 = 0. What is the remainder when 89 is divided by m?
20
Suppose -28*g = 610 - 3522. Calculate the remainder when 127 is divided by g.
23
Suppose -q + 130 = 4*q + 2*o, -4*q + 5*o + 104 = 0. Calculate the remainder when 151 is divided by -26 + q + 1*51.
49
Let r(t) = t**3 - 7*t**2 + 2*t - 9. Let l(g) = 38*g - 36. Let v be l(-6). Let k = v - -281. What is the remainder when k is divided by r(7)?
2
Suppose 3*t = 1018*q - 1014*q + 1342, 1781 = 4*t + 3*q. What is the remainder when t is divided by 9?
5
Let f be (3 - 6)/((-1)/342*3). Let v = f - 288. What is the remainder when v is divided by 19?
16
Let g = -1045 - -2786. Calculate the remainder when g is divided by 134.
133
Suppose -12*y + 173 - 5 = 0. Let r = -24 + 13. Let s = r + y. Calculate the remainder when s is divided by 3.
0
Suppose 63*x - 21*x - 7896 = 0. Calculate the remainder when x is divided by 113.
75
Let m(w) = -2*w + 49. Let k be m(23). Suppose k*j + g + 82 = 317, -20 = -5*g. Calculate the remainder when j is divided by 16.
13
Suppose 136 = 2*o + 4*h, 0*h + 5*h - 77 = -o. Suppose 5*d - 5*s - 2150 = 0, 374 = d + s - 62. What is the remainder when d is divided by o?
61
Let x(j) = -j**3 + 14*j - 393. Suppose 0 = -3*n - 4*g - 7 - 4, 0 = -5*g + 20. Calculate the remainder when 4/(-6) + (-690)/n is divided by x(-8).
6
Let n(q) be the third derivative of -11*q**4/8 - 43*q**3 - 58*q**2. What is the remainder when n(-9) is divided by 14?
11
Suppose -6*b + 4*b + 2372 = 5*i, -5*i = 5*b - 2375. What is the remainder when i is divided by 114?
18
Suppose 0 = 5*r - 10*r + 4*t + 59, 58 = 5*r - 3*t. Let i = r + -13. Calculate the remainder when 69 is divided by (0 + i)/(-5 + (-147)/(-30)).
9
Suppose -101*z + 565*z - 22736 = 0. Let w(o) = 0*o + 8*o**2 + 2*o - 5*o**3 + 4*o**3 - 3. What is the remainder when z is divided by w(8)?
10
Let c be 87/(-3 + 45/12). Let i be -1 - 1 - -2 - 87. Let g = c + i. What is the remainder when g is divided by 18?
11
Let s be ((-8)/(-20))/((-8)/(-20)) - 2. What is the remainder when 134/(1 - 1/(-2 - s)) is divided by 35?
32
Let x = 105 + 808. Calculate the remainder when x is divided by 452.
9
Let s = 30 + 65. Suppose -3*l = -5*d + s, -d - 3*l + l = -6. Let r = -10 + d. What is the remainder when 15 is divided by r?
3
Let i(h) = h**2 + 4*h - 2. What is the remainder when ((-11)/(-8)*2)/(3/24) is divided by i(-5)?
1
Suppose 3*p - 150 = -3*k, 3*k + 100 - 103 = 0. Calculate the remainder when p is divided by 35.
14
Let k(f) be the first derivative of f**2 - 10*f - 39. Calculate the remainder when 61 is divided by k(13).
13
Let i be (2/(-4))/((-4)/(-72)). Calculate the remainder when 215 is divided by (((-5256)/(-8))/i)/(1*-1).
69
Suppose 16*t + b - 95 = 12*t, b + 97 = 4*t. What is the remainder when 108 is divided by t?
12
What is the remainder when 1076 is divided by 78/(-208) + ((-24234)/(-16))/7?
212
Suppose -9 = -o - 2*o, -33 = -4*i + 5*o. Calculate the remainder when 2/4 - (-114)/i*7 is divided by 12.
7
Suppose 3*q = -3*r - 0*q - 3, 5*r = 4*q + 40. Let w = r - 4. Suppose w = 37*y - 40*y + 96. What is the remainder when y is divided by 12?
8
Let j(a) = a**3 - 4*a**2 - 8*a + 51. Suppose 4*n + 32 = 4*q - 4, 5*q + 5 = -5*n. What is the remainder when 261 is divided by j(q)?
14
Let c(a) = -a**3 - 10*a**2 - 15*a - 21. Let n = -275 - -367. What is the remainder when n is divided by c(-9)?
26
Suppose -48*v - 1295 = -4463. What is the remainder when v is divided by 27?
12
Let t(k) = -4*k**2 + 103*k - 7. Calculate the remainder when 15611 is divided by t(24).
155
Let r(g) = -7*g**2 + 35*g - 6. Let w = -151 + 155. Suppose -2*v - 5*u = -176, -3*v + 0*v + 242 = 2*u. What is the remainder when v is divided by r(w)?
12
Let n = -10765 + 13038. What is the remainder when n is divided by 190?
183
Calculate the remainder when 176 is divided by (1/(-2))/((-18)/1908).
17
Let p be 38211/9 - (-24)/18. Suppose -22*y = -p + 925. What is the remainder when y is divided by 26?
21
Let l = -15687 + 16578. What is the remainder when l is divided by 170?
41
Let h(b) = -18*b**2 - 9*b + 64. Let o(y) = -27*y**2 - 13*y + 94. Let w(q) = 7*h(q) - 5*o(q). What is the remainder when w(-5) is divided by 290/6 + 4/6?
46
Let t(l) = 34*l - 2470. Calculate the remainder when t(94) is divided by 93.
75
Let n = 426 + -298. Calculate the r